{"id":15,"date":"2020-09-29T14:16:58","date_gmt":"2020-09-29T12:16:58","guid":{"rendered":"http:\/\/wolff-neurode.de\/?page_id=15"},"modified":"2022-08-07T18:05:08","modified_gmt":"2022-08-07T16:05:08","slug":"historische-bilder","status":"publish","type":"page","link":"http:\/\/wolff-neurode.de\/index.php\/historische-bilder\/","title":{"rendered":"Historische Bilder"},"content":{"rendered":"<p>Die folgenden Bilder habe ich fast alle in h\u00f6herer Aufl\u00f6sung und kann sie f\u00fcr Abz\u00fcge zur Verf\u00fcgung stellen. Leider haben nicht viele Aufnahmen den Krieg und die Vertreibung \u00fcberlebt. Wer weitere Aufnahmen hat, kann sie mir gerne \u00fcbermitteln.<\/p>\n<p style=\"text-align: center;\"><a href=\"http:\/\/wolff-neurode.de\/wp-content\/uploads\/2020\/09\/hochzeit-02.jpg\"><img decoding=\"async\" loading=\"lazy\" class=\"aligncenter size-large wp-image-20\" src=\"http:\/\/wolff-neurode.de\/wp-content\/uploads\/2020\/09\/hochzeit-02-411x640.jpg\" alt=\"hochzeit-02\" width=\"411\" height=\"640\" srcset=\"http:\/\/wolff-neurode.de\/wp-content\/uploads\/2020\/09\/hochzeit-02-411x640.jpg 411w, http:\/\/wolff-neurode.de\/wp-content\/uploads\/2020\/09\/hochzeit-02-193x300.jpg 193w, http:\/\/wolff-neurode.de\/wp-content\/uploads\/2020\/09\/hochzeit-02-768x1195.jpg 768w, http:\/\/wolff-neurode.de\/wp-content\/uploads\/2020\/09\/hochzeit-02.jpg 771w\" sizes=\"(max-width: 411px) 85vw, 411px\" \/><\/a>Hochzeit Wenzel Wolff mit Flora (Florentine) Elsner 28.5.1936<\/p>\n<p style=\"text-align: center;\"><a href=\"http:\/\/wolff-neurode.de\/wp-content\/uploads\/2020\/09\/hochzeit-01.jpg\"><img decoding=\"async\" loading=\"lazy\" class=\"aligncenter size-large wp-image-19\" src=\"http:\/\/wolff-neurode.de\/wp-content\/uploads\/2020\/09\/hochzeit-01-640x458.jpg\" alt=\"hochzeit-01\" width=\"640\" height=\"458\" srcset=\"http:\/\/wolff-neurode.de\/wp-content\/uploads\/2020\/09\/hochzeit-01-640x458.jpg 640w, http:\/\/wolff-neurode.de\/wp-content\/uploads\/2020\/09\/hochzeit-01-300x215.jpg 300w, http:\/\/wolff-neurode.de\/wp-content\/uploads\/2020\/09\/hochzeit-01-768x550.jpg 768w, http:\/\/wolff-neurode.de\/wp-content\/uploads\/2020\/09\/hochzeit-01.jpg 1200w\" sizes=\"(max-width: 640px) 85vw, 640px\" \/><\/a>Gemeinschaftsbild Hochzeit<\/p>\n<p style=\"text-align: center;\"><a href=\"http:\/\/wolff-neurode.de\/wp-content\/uploads\/2020\/09\/familie-wolff.jpg\"><img decoding=\"async\" loading=\"lazy\" class=\"aligncenter size-large wp-image-171\" src=\"http:\/\/wolff-neurode.de\/wp-content\/uploads\/2020\/09\/familie-wolff-640x433.jpg\" alt=\"familie-wolff\" width=\"640\" height=\"433\" srcset=\"http:\/\/wolff-neurode.de\/wp-content\/uploads\/2020\/09\/familie-wolff-640x433.jpg 640w, http:\/\/wolff-neurode.de\/wp-content\/uploads\/2020\/09\/familie-wolff-300x203.jpg 300w, http:\/\/wolff-neurode.de\/wp-content\/uploads\/2020\/09\/familie-wolff-768x520.jpg 768w, http:\/\/wolff-neurode.de\/wp-content\/uploads\/2020\/09\/familie-wolff.jpg 1000w\" sizes=\"(max-width: 640px) 85vw, 640px\" \/><\/a>Water Wolff, Bruder von Wenzel mit seiner Frau Maria, Auguste Wolff, Wenzel Wolff sen., Flora Wolff,<br \/>\nWenzel Wolff und im Vordergrund als Kinder Wenzel und Adelheid ca. 1940<\/p>\n<p style=\"text-align: center;\"><a href=\"http:\/\/wolff-neurode.de\/wp-content\/uploads\/2020\/09\/flora-wolff-01.jpg\"><img decoding=\"async\" loading=\"lazy\" class=\"aligncenter size-large wp-image-16\" src=\"http:\/\/wolff-neurode.de\/wp-content\/uploads\/2020\/09\/flora-wolff-01-398x640.jpg\" alt=\"flora-wolff-01\" width=\"398\" height=\"640\" srcset=\"http:\/\/wolff-neurode.de\/wp-content\/uploads\/2020\/09\/flora-wolff-01-398x640.jpg 398w, http:\/\/wolff-neurode.de\/wp-content\/uploads\/2020\/09\/flora-wolff-01-187x300.jpg 187w, http:\/\/wolff-neurode.de\/wp-content\/uploads\/2020\/09\/flora-wolff-01.jpg 746w\" sizes=\"(max-width: 398px) 85vw, 398px\" \/><\/a><\/p>\n<p style=\"text-align: center;\"><a href=\"http:\/\/wolff-neurode.de\/wp-content\/uploads\/2020\/09\/flora-wolff-01-1.jpg\"><img decoding=\"async\" loading=\"lazy\" class=\"aligncenter size-large wp-image-156\" src=\"http:\/\/wolff-neurode.de\/wp-content\/uploads\/2020\/09\/flora-wolff-01-1-473x640.jpg\" alt=\"flora-wolff-01\" width=\"473\" height=\"640\" srcset=\"http:\/\/wolff-neurode.de\/wp-content\/uploads\/2020\/09\/flora-wolff-01-1-473x640.jpg 473w, http:\/\/wolff-neurode.de\/wp-content\/uploads\/2020\/09\/flora-wolff-01-1-222x300.jpg 222w, http:\/\/wolff-neurode.de\/wp-content\/uploads\/2020\/09\/flora-wolff-01-1-768x1039.jpg 768w, http:\/\/wolff-neurode.de\/wp-content\/uploads\/2020\/09\/flora-wolff-01-1.jpg 935w\" sizes=\"(max-width: 473px) 85vw, 473px\" \/><\/a>Flora Wolff *25.5.1912 in Obersteine<br \/>\n\u202010.8.1968 in Kitzingen<\/p>\n<p style=\"text-align: center;\"><a href=\"http:\/\/wolff-neurode.de\/wp-content\/uploads\/2020\/09\/urgrosseltern-bearbeitet.jpg\"><img decoding=\"async\" loading=\"lazy\" class=\"aligncenter size-large wp-image-21\" src=\"http:\/\/wolff-neurode.de\/wp-content\/uploads\/2020\/09\/urgrosseltern-bearbeitet-640x518.jpg\" alt=\"urgrosseltern-bearbeitet\" width=\"640\" height=\"518\" srcset=\"http:\/\/wolff-neurode.de\/wp-content\/uploads\/2020\/09\/urgrosseltern-bearbeitet-640x518.jpg 640w, http:\/\/wolff-neurode.de\/wp-content\/uploads\/2020\/09\/urgrosseltern-bearbeitet-300x243.jpg 300w, http:\/\/wolff-neurode.de\/wp-content\/uploads\/2020\/09\/urgrosseltern-bearbeitet-768x621.jpg 768w, http:\/\/wolff-neurode.de\/wp-content\/uploads\/2020\/09\/urgrosseltern-bearbeitet.jpg 1200w\" sizes=\"(max-width: 640px) 85vw, 640px\" \/><\/a>Wenzel Wolff sen. (*10. 05.1874 \u202018.05.1946)<br \/>\nmit seiner 1. Frau Ida geb. Elsner, Mutter von Wenzel, Adelheid und Walter Wolff<\/p>\n<p style=\"text-align: center;\"><a href=\"http:\/\/wolff-neurode.de\/wp-content\/uploads\/2020\/09\/wenzel-wolff-sen-auguste.jpg\"><img decoding=\"async\" loading=\"lazy\" class=\"aligncenter size-large wp-image-166\" src=\"http:\/\/wolff-neurode.de\/wp-content\/uploads\/2020\/09\/wenzel-wolff-sen-auguste-427x640.jpg\" alt=\"wenzel-wolff-sen-auguste\" width=\"427\" height=\"640\" srcset=\"http:\/\/wolff-neurode.de\/wp-content\/uploads\/2020\/09\/wenzel-wolff-sen-auguste-427x640.jpg 427w, http:\/\/wolff-neurode.de\/wp-content\/uploads\/2020\/09\/wenzel-wolff-sen-auguste-200x300.jpg 200w, http:\/\/wolff-neurode.de\/wp-content\/uploads\/2020\/09\/wenzel-wolff-sen-auguste-768x1151.jpg 768w, http:\/\/wolff-neurode.de\/wp-content\/uploads\/2020\/09\/wenzel-wolff-sen-auguste.jpg 1000w\" sizes=\"(max-width: 427px) 85vw, 427px\" \/><\/a>Wenzel Wolff sen. (*10. 05.1874 \u202018.05.1946)<br \/>\nmit seiner 2. Frau Auguste geb.&nbsp;Hein (*25.04.1892 \u202015.08.1964)<\/p>\n<p style=\"text-align: center;\"><a href=\"http:\/\/wolff-neurode.de\/wp-content\/uploads\/2020\/09\/schulklasse-auguste-wolff.jpg\"><img decoding=\"async\" loading=\"lazy\" class=\"aligncenter size-large wp-image-172\" src=\"http:\/\/wolff-neurode.de\/wp-content\/uploads\/2020\/09\/schulklasse-auguste-wolff-640x408.jpg\" alt=\"schulklasse-auguste-wolff\" width=\"640\" height=\"408\" srcset=\"http:\/\/wolff-neurode.de\/wp-content\/uploads\/2020\/09\/schulklasse-auguste-wolff-640x408.jpg 640w, http:\/\/wolff-neurode.de\/wp-content\/uploads\/2020\/09\/schulklasse-auguste-wolff-300x191.jpg 300w, http:\/\/wolff-neurode.de\/wp-content\/uploads\/2020\/09\/schulklasse-auguste-wolff-768x490.jpg 768w, http:\/\/wolff-neurode.de\/wp-content\/uploads\/2020\/09\/schulklasse-auguste-wolff.jpg 1000w\" sizes=\"(max-width: 640px) 85vw, 640px\" \/><\/a>Die Sch\u00fcler von Auguste Wolff. Als gegen Ende des Krieges kein regul\u00e4rer Schulbetrieb<br \/>\nmehr stattfand, unterrichtete sie die Kinder der Stadt<\/p>\n<p style=\"text-align: center;\"><a href=\"http:\/\/wolff-neurode.de\/wp-content\/uploads\/2020\/09\/emma-rudolf-elsner-klein.jpg\"><img decoding=\"async\" loading=\"lazy\" class=\"aligncenter size-large wp-image-179\" src=\"http:\/\/wolff-neurode.de\/wp-content\/uploads\/2020\/09\/emma-rudolf-elsner-klein-640x450.jpg\" alt=\"emma-rudolf-elsner-klein\" width=\"640\" height=\"450\" srcset=\"http:\/\/wolff-neurode.de\/wp-content\/uploads\/2020\/09\/emma-rudolf-elsner-klein-640x450.jpg 640w, http:\/\/wolff-neurode.de\/wp-content\/uploads\/2020\/09\/emma-rudolf-elsner-klein-300x211.jpg 300w, http:\/\/wolff-neurode.de\/wp-content\/uploads\/2020\/09\/emma-rudolf-elsner-klein-768x540.jpg 768w, http:\/\/wolff-neurode.de\/wp-content\/uploads\/2020\/09\/emma-rudolf-elsner-klein.jpg 1200w\" sizes=\"(max-width: 640px) 85vw, 640px\" \/><\/a>Emma Elsner, geb. Herzig (*05.06.1889 \u202030.11.1959)<br \/>\nRudolf Elsner (*15.09.1875 \u202006.04.1946)<br \/>\nEltern von Flora Elsner<\/p>\n<p style=\"text-align: center;\"><a href=\"http:\/\/wolff-neurode.de\/wp-content\/uploads\/2020\/09\/heinrich-wolff-1.jpg\"><img decoding=\"async\" loading=\"lazy\" class=\"aligncenter size-large wp-image-18\" src=\"http:\/\/wolff-neurode.de\/wp-content\/uploads\/2020\/09\/heinrich-wolff-1-640x398.jpg\" alt=\"heinrich-wolff\" width=\"640\" height=\"398\" srcset=\"http:\/\/wolff-neurode.de\/wp-content\/uploads\/2020\/09\/heinrich-wolff-1-640x398.jpg 640w, http:\/\/wolff-neurode.de\/wp-content\/uploads\/2020\/09\/heinrich-wolff-1-300x187.jpg 300w, http:\/\/wolff-neurode.de\/wp-content\/uploads\/2020\/09\/heinrich-wolff-1-768x478.jpg 768w, http:\/\/wolff-neurode.de\/wp-content\/uploads\/2020\/09\/heinrich-wolff-1.jpg 800w\" sizes=\"(max-width: 640px) 85vw, 640px\" \/><\/a>Heinrich Wolff (* 30.12.1880, \u202020.06.1944)<\/p>\n<p style=\"text-align: center;\"><a href=\"http:\/\/wolff-neurode.de\/wp-content\/uploads\/2020\/09\/familie-wolff-gruppenfoto.jpg\"><img decoding=\"async\" loading=\"lazy\" class=\"aligncenter size-large wp-image-77\" src=\"http:\/\/wolff-neurode.de\/wp-content\/uploads\/2020\/09\/familie-wolff-gruppenfoto-640x480.jpg\" alt=\"familie-wolff-gruppenfoto\" width=\"640\" height=\"480\" srcset=\"http:\/\/wolff-neurode.de\/wp-content\/uploads\/2020\/09\/familie-wolff-gruppenfoto-640x480.jpg 640w, http:\/\/wolff-neurode.de\/wp-content\/uploads\/2020\/09\/familie-wolff-gruppenfoto-300x225.jpg 300w, http:\/\/wolff-neurode.de\/wp-content\/uploads\/2020\/09\/familie-wolff-gruppenfoto-768x576.jpg 768w, http:\/\/wolff-neurode.de\/wp-content\/uploads\/2020\/09\/familie-wolff-gruppenfoto.jpg 1200w\" sizes=\"(max-width: 640px) 85vw, 640px\" \/><\/a>Die Kinder von Wenzel Wolff 2006<br \/>\nv.l. Wenzel \u2020, Adelheid \u2020, Walter, Irene, Johanna, Wendelin \u2020<\/p>\n<div id=\"kpm-root\" class=\"kpm_LTR notranslate\" translate=\"no\">&nbsp;<\/div>\n<div id=\"kpm-root\" class=\"kpm_LTR notranslate\" translate=\"no\">&nbsp;<\/div>\n<div id=\"kpm-root\" class=\"kpm_LTR notranslate\" translate=\"no\">&nbsp;<\/div>\n","protected":false},"excerpt":{"rendered":"<p>Die folgenden Bilder habe ich fast alle in h\u00f6herer Aufl\u00f6sung und kann sie f\u00fcr Abz\u00fcge zur Verf\u00fcgung stellen. Leider haben nicht viele Aufnahmen den Krieg und die Vertreibung \u00fcberlebt. Wer weitere Aufnahmen hat, kann sie mir gerne \u00fcbermitteln. Hochzeit Wenzel Wolff mit Flora (Florentine) Elsner 28.5.1936 Gemeinschaftsbild Hochzeit Water Wolff, Bruder von Wenzel mit seiner &hellip; <a href=\"http:\/\/wolff-neurode.de\/index.php\/historische-bilder\/\" class=\"more-link\"><span class=\"screen-reader-text\">\u201eHistorische Bilder\u201c <\/span>weiterlesen<\/a><\/p>\n","protected":false},"author":1,"featured_media":0,"parent":0,"menu_order":0,"comment_status":"closed","ping_status":"closed","template":"","meta":{"ngg_post_thumbnail":0,"footnotes":""},"_links":{"self":[{"href":"http:\/\/wolff-neurode.de\/index.php\/wp-json\/wp\/v2\/pages\/15"}],"collection":[{"href":"http:\/\/wolff-neurode.de\/index.php\/wp-json\/wp\/v2\/pages"}],"about":[{"href":"http:\/\/wolff-neurode.de\/index.php\/wp-json\/wp\/v2\/types\/page"}],"author":[{"embeddable":true,"href":"http:\/\/wolff-neurode.de\/index.php\/wp-json\/wp\/v2\/users\/1"}],"replies":[{"embeddable":true,"href":"http:\/\/wolff-neurode.de\/index.php\/wp-json\/wp\/v2\/comments?post=15"}],"version-history":[{"count":11,"href":"http:\/\/wolff-neurode.de\/index.php\/wp-json\/wp\/v2\/pages\/15\/revisions"}],"predecessor-version":[{"id":234,"href":"http:\/\/wolff-neurode.de\/index.php\/wp-json\/wp\/v2\/pages\/15\/revisions\/234"}],"wp:attachment":[{"href":"http:\/\/wolff-neurode.de\/index.php\/wp-json\/wp\/v2\/media?parent=15"}],"curies":[{"name":"wp","href":"https:\/\/api.w.org\/{rel}","templated":true}]}}

<p>Die folgenden Bilder habe ich fast alle in höherer Auflösung und kann sie für Abzüge zur Verfügung stellen. Leider haben nicht viele Aufnahmen den Krieg und die Vertreibung überlebt. Wer weitere Aufnahmen hat, kann sie mir gerne übermitteln.</p>
<p style="text-align: center;"><a href="http://wolff-neurode.de/wp-content/uploads/2020/09/hochzeit-02.jpg"><img decoding="async" loading="lazy" class="aligncenter size-large wp-image-20" src="http://wolff-neurode.de/wp-content/uploads/2020/09/hochzeit-02-411x640.jpg" alt="hochzeit-02" width="411" height="640" srcset="http://wolff-neurode.de/wp-content/uploads/2020/09/hochzeit-02-411x640.jpg 411w, http://wolff-neurode.de/wp-content/uploads/2020/09/hochzeit-02-193x300.jpg 193w, http://wolff-neurode.de/wp-content/uploads/2020/09/hochzeit-02-768x1195.jpg 768w, http://wolff-neurode.de/wp-content/uploads/2020/09/hochzeit-02.jpg 771w" sizes="(max-width: 411px) 85vw, 411px" /></a>Hochzeit Wenzel Wolff mit Flora (Florentine) Elsner 28.5.1936</p>
<p style="text-align: center;"><a href="http://wolff-neurode.de/wp-content/uploads/2020/09/hochzeit-01.jpg"><img decoding="async" loading="lazy" class="aligncenter size-large wp-image-19" src="http://wolff-neurode.de/wp-content/uploads/2020/09/hochzeit-01-640x458.jpg" alt="hochzeit-01" width="640" height="458" srcset="http://wolff-neurode.de/wp-content/uploads/2020/09/hochzeit-01-640x458.jpg 640w, http://wolff-neurode.de/wp-content/uploads/2020/09/hochzeit-01-300x215.jpg 300w, http://wolff-neurode.de/wp-content/uploads/2020/09/hochzeit-01-768x550.jpg 768w, http://wolff-neurode.de/wp-content/uploads/2020/09/hochzeit-01.jpg 1200w" sizes="(max-width: 640px) 85vw, 640px" /></a>Gemeinschaftsbild Hochzeit</p>
<p style="text-align: center;"><a href="http://wolff-neurode.de/wp-content/uploads/2020/09/familie-wolff.jpg"><img decoding="async" loading="lazy" class="aligncenter size-large wp-image-171" src="http://wolff-neurode.de/wp-content/uploads/2020/09/familie-wolff-640x433.jpg" alt="familie-wolff" width="640" height="433" srcset="http://wolff-neurode.de/wp-content/uploads/2020/09/familie-wolff-640x433.jpg 640w, http://wolff-neurode.de/wp-content/uploads/2020/09/familie-wolff-300x203.jpg 300w, http://wolff-neurode.de/wp-content/uploads/2020/09/familie-wolff-768x520.jpg 768w, http://wolff-neurode.de/wp-content/uploads/2020/09/familie-wolff.jpg 1000w" sizes="(max-width: 640px) 85vw, 640px" /></a>Water Wolff, Bruder von Wenzel mit seiner Frau Maria, Auguste Wolff, Wenzel Wolff sen., Flora Wolff,<br />
Wenzel Wolff und im Vordergrund als Kinder Wenzel und Adelheid ca. 1940</p>
<p style="text-align: center;"><a href="http://wolff-neurode.de/wp-content/uploads/2020/09/flora-wolff-01.jpg"><img decoding="async" loading="lazy" class="aligncenter size-large wp-image-16" src="http://wolff-neurode.de/wp-content/uploads/2020/09/flora-wolff-01-398x640.jpg" alt="flora-wolff-01" width="398" height="640" srcset="http://wolff-neurode.de/wp-content/uploads/2020/09/flora-wolff-01-398x640.jpg 398w, http://wolff-neurode.de/wp-content/uploads/2020/09/flora-wolff-01-187x300.jpg 187w, http://wolff-neurode.de/wp-content/uploads/2020/09/flora-wolff-01.jpg 746w" sizes="(max-width: 398px) 85vw, 398px" /></a></p>
<p style="text-align: center;"><a href="http://wolff-neurode.de/wp-content/uploads/2020/09/flora-wolff-01-1.jpg"><img decoding="async" loading="lazy" class="aligncenter size-large wp-image-156" src="http://wolff-neurode.de/wp-content/uploads/2020/09/flora-wolff-01-1-473x640.jpg" alt="flora-wolff-01" width="473" height="640" srcset="http://wolff-neurode.de/wp-content/uploads/2020/09/flora-wolff-01-1-473x640.jpg 473w, http://wolff-neurode.de/wp-content/uploads/2020/09/flora-wolff-01-1-222x300.jpg 222w, http://wolff-neurode.de/wp-content/uploads/2020/09/flora-wolff-01-1-768x1039.jpg 768w, http://wolff-neurode.de/wp-content/uploads/2020/09/flora-wolff-01-1.jpg 935w" sizes="(max-width: 473px) 85vw, 473px" /></a>Flora Wolff *25.5.1912 in Obersteine<br />
†10.8.1968 in Kitzingen</p>
<p style="text-align: center;"><a href="http://wolff-neurode.de/wp-content/uploads/2020/09/urgrosseltern-bearbeitet.jpg"><img decoding="async" loading="lazy" class="aligncenter size-large wp-image-21" src="http://wolff-neurode.de/wp-content/uploads/2020/09/urgrosseltern-bearbeitet-640x518.jpg" alt="urgrosseltern-bearbeitet" width="640" height="518" srcset="http://wolff-neurode.de/wp-content/uploads/2020/09/urgrosseltern-bearbeitet-640x518.jpg 640w, http://wolff-neurode.de/wp-content/uploads/2020/09/urgrosseltern-bearbeitet-300x243.jpg 300w, http://wolff-neurode.de/wp-content/uploads/2020/09/urgrosseltern-bearbeitet-768x621.jpg 768w, http://wolff-neurode.de/wp-content/uploads/2020/09/urgrosseltern-bearbeitet.jpg 1200w" sizes="(max-width: 640px) 85vw, 640px" /></a>Wenzel Wolff sen. (*10. 05.1874 †18.05.1946)<br />
mit seiner 1. Frau Ida geb. Elsner, Mutter von Wenzel, Adelheid und Walter Wolff</p>
<p style="text-align: center;"><a href="http://wolff-neurode.de/wp-content/uploads/2020/09/wenzel-wolff-sen-auguste.jpg"><img decoding="async" loading="lazy" class="aligncenter size-large wp-image-166" src="http://wolff-neurode.de/wp-content/uploads/2020/09/wenzel-wolff-sen-auguste-427x640.jpg" alt="wenzel-wolff-sen-auguste" width="427" height="640" srcset="http://wolff-neurode.de/wp-content/uploads/2020/09/wenzel-wolff-sen-auguste-427x640.jpg 427w, http://wolff-neurode.de/wp-content/uploads/2020/09/wenzel-wolff-sen-auguste-200x300.jpg 200w, http://wolff-neurode.de/wp-content/uploads/2020/09/wenzel-wolff-sen-auguste-768x1151.jpg 768w, http://wolff-neurode.de/wp-content/uploads/2020/09/wenzel-wolff-sen-auguste.jpg 1000w" sizes="(max-width: 427px) 85vw, 427px" /></a>Wenzel Wolff sen. (*10. 05.1874 †18.05.1946)<br />
mit seiner 2. Frau Auguste geb.&nbsp;Hein (*25.04.1892 †15.08.1964)</p>
<p style="text-align: center;"><a href="http://wolff-neurode.de/wp-content/uploads/2020/09/schulklasse-auguste-wolff.jpg"><img decoding="async" loading="lazy" class="aligncenter size-large wp-image-172" src="http://wolff-neurode.de/wp-content/uploads/2020/09/schulklasse-auguste-wolff-640x408.jpg" alt="schulklasse-auguste-wolff" width="640" height="408" srcset="http://wolff-neurode.de/wp-content/uploads/2020/09/schulklasse-auguste-wolff-640x408.jpg 640w, http://wolff-neurode.de/wp-content/uploads/2020/09/schulklasse-auguste-wolff-300x191.jpg 300w, http://wolff-neurode.de/wp-content/uploads/2020/09/schulklasse-auguste-wolff-768x490.jpg 768w, http://wolff-neurode.de/wp-content/uploads/2020/09/schulklasse-auguste-wolff.jpg 1000w" sizes="(max-width: 640px) 85vw, 640px" /></a>Die Schüler von Auguste Wolff. Als gegen Ende des Krieges kein regulärer Schulbetrieb<br />
mehr stattfand, unterrichtete sie die Kinder der Stadt</p>
<p style="text-align: center;"><a href="http://wolff-neurode.de/wp-content/uploads/2020/09/emma-rudolf-elsner-klein.jpg"><img decoding="async" loading="lazy" class="aligncenter size-large wp-image-179" src="http://wolff-neurode.de/wp-content/uploads/2020/09/emma-rudolf-elsner-klein-640x450.jpg" alt="emma-rudolf-elsner-klein" width="640" height="450" srcset="http://wolff-neurode.de/wp-content/uploads/2020/09/emma-rudolf-elsner-klein-640x450.jpg 640w, http://wolff-neurode.de/wp-content/uploads/2020/09/emma-rudolf-elsner-klein-300x211.jpg 300w, http://wolff-neurode.de/wp-content/uploads/2020/09/emma-rudolf-elsner-klein-768x540.jpg 768w, http://wolff-neurode.de/wp-content/uploads/2020/09/emma-rudolf-elsner-klein.jpg 1200w" sizes="(max-width: 640px) 85vw, 640px" /></a>Emma Elsner, geb. Herzig (*05.06.1889 †30.11.1959)<br />
Rudolf Elsner (*15.09.1875 †06.04.1946)<br />
Eltern von Flora Elsner</p>
<p style="text-align: center;"><a href="http://wolff-neurode.de/wp-content/uploads/2020/09/heinrich-wolff-1.jpg"><img decoding="async" loading="lazy" class="aligncenter size-large wp-image-18" src="http://wolff-neurode.de/wp-content/uploads/2020/09/heinrich-wolff-1-640x398.jpg" alt="heinrich-wolff" width="640" height="398" srcset="http://wolff-neurode.de/wp-content/uploads/2020/09/heinrich-wolff-1-640x398.jpg 640w, http://wolff-neurode.de/wp-content/uploads/2020/09/heinrich-wolff-1-300x187.jpg 300w, http://wolff-neurode.de/wp-content/uploads/2020/09/heinrich-wolff-1-768x478.jpg 768w, http://wolff-neurode.de/wp-content/uploads/2020/09/heinrich-wolff-1.jpg 800w" sizes="(max-width: 640px) 85vw, 640px" /></a>Heinrich Wolff (* 30.12.1880, †20.06.1944)</p>
<p style="text-align: center;"><a href="http://wolff-neurode.de/wp-content/uploads/2020/09/familie-wolff-gruppenfoto.jpg"><img decoding="async" loading="lazy" class="aligncenter size-large wp-image-77" src="http://wolff-neurode.de/wp-content/uploads/2020/09/familie-wolff-gruppenfoto-640x480.jpg" alt="familie-wolff-gruppenfoto" width="640" height="480" srcset="http://wolff-neurode.de/wp-content/uploads/2020/09/familie-wolff-gruppenfoto-640x480.jpg 640w, http://wolff-neurode.de/wp-content/uploads/2020/09/familie-wolff-gruppenfoto-300x225.jpg 300w, http://wolff-neurode.de/wp-content/uploads/2020/09/familie-wolff-gruppenfoto-768x576.jpg 768w, http://wolff-neurode.de/wp-content/uploads/2020/09/familie-wolff-gruppenfoto.jpg 1200w" sizes="(max-width: 640px) 85vw, 640px" /></a>Die Kinder von Wenzel Wolff 2006<br />
v.l. Wenzel †, Adelheid †, Walter, Irene, Johanna, Wendelin †</p>
<div id="kpm-root" class="kpm_LTR notranslate" translate="no">&nbsp;</div>
<div id="kpm-root" class="kpm_LTR notranslate" translate="no">&nbsp;</div>
<div id="kpm-root" class="kpm_LTR notranslate" translate="no">&nbsp;</div>

<p>Die folgenden Bilder habe ich fast alle in höherer Auflösung und kann sie für Abzüge zur Verfügung stellen. Leider haben nicht viele Aufnahmen den Krieg und die Vertreibung überlebt. Wer weitere Aufnahmen hat, kann sie mir gerne übermitteln. Hochzeit Wenzel Wolff mit Flora (Florentine) Elsner 28.5.1936 Gemeinschaftsbild Hochzeit Water Wolff, Bruder von Wenzel mit seiner &hellip; <a href="http://wolff-neurode.de/index.php/historische-bilder/" class="more-link"><span class="screen-reader-text">„Historische Bilder“ </span>weiterlesen</a></p>
