{"id":55,"date":"2020-10-01T09:20:08","date_gmt":"2020-10-01T07:20:08","guid":{"rendered":"http:\/\/wolff-neurode.de\/?page_id=55"},"modified":"2022-03-24T15:43:57","modified_gmt":"2022-03-24T14:43:57","slug":"das-vorwerk-in-neurode","status":"publish","type":"page","link":"http:\/\/wolff-neurode.de\/index.php\/das-vorwerk-in-neurode\/","title":{"rendered":"Das Vorwerk in Neurode"},"content":{"rendered":"<p>Das Vorwerk in Neurode (heute Nowa Ruda) war das Bauerngut der Familie Wenzel Wolff und wurde immer dem Erstgeborenen weitervererbt. Derzeit bin ich auf der Recherche zu dem Anwesen, damit die Informationen nicht verloren gehen. Ein Gem\u00e4lde von Richard Leffler zeigt das komplette Vorwerk.<\/p>\n<p><a href=\"http:\/\/wolff-neurode.de\/wp-content\/uploads\/2020\/09\/gemaelde.jpg\"><img decoding=\"async\" loading=\"lazy\" class=\"aligncenter size-large wp-image-157\" src=\"http:\/\/wolff-neurode.de\/wp-content\/uploads\/2020\/09\/gemaelde-537x640.jpg\" alt=\"gemaelde\" width=\"537\" height=\"640\" srcset=\"http:\/\/wolff-neurode.de\/wp-content\/uploads\/2020\/09\/gemaelde-537x640.jpg 537w, http:\/\/wolff-neurode.de\/wp-content\/uploads\/2020\/09\/gemaelde-252x300.jpg 252w, http:\/\/wolff-neurode.de\/wp-content\/uploads\/2020\/09\/gemaelde-768x915.jpg 768w, http:\/\/wolff-neurode.de\/wp-content\/uploads\/2020\/09\/gemaelde.jpg 1000w\" sizes=\"(max-width: 537px) 85vw, 537px\" \/><\/a><\/p>\n<p>Zum Vorwerk geh\u00f6rte eine Fl\u00e4che von 72ha 53a 80qm und war verzeichnet in der Erbh\u00f6ferolle der Stadt Neurode Blatt 7 &#8211; Grundbuch von Neurode Band VI Blatt Nr. 233, Band IX Blatt Nr. 430, Band XII Blatt Nr. 449 und Band XXI Blatt Nr. 686.<\/p>\n<p>Das Vorwerk war \u00fcber Generationen im Eigentum der Familie Wolff. Als nach dem Krieg klar wurde, dass Schlesien polnisch werden sollte, \u00fcberschrieben sie den Hof dem polnischen Mitarbeiter Eduard Borouwiecki zur Schadensbegrenzung. Eduard war Melker auf dem Hof und hatte am 05.06.1945 die ebenfalls auf dem Hof arbeitende Franziska Bak geheiratet. Der letzte Vorwerker Wenzel Wolff war zusammen mit seinem Onkel Herrmann Trauzeuge.<\/p>\n<p>Der Hof wurde nach einigen Monaten unter staatliche Obhut genommen und vom polnischen Leutnant Siegmund Cappy verwaltet. Ob das Vorwerk heute dem Staat Polen geh\u00f6rt oder evtl auch aufgeteilt in Privatbesitz ist, ist uns nicht bekannt. Es stehen auch nicht mehr alle Geb\u00e4ude das Hofes.<\/p>\n<p>Am Imposantesten ist wohl die Villa, hier zwei historische Bilder:<\/p>\n<p><a href=\"http:\/\/wolff-neurode.de\/wp-content\/uploads\/2020\/09\/villa-1.jpg\"><img decoding=\"async\" loading=\"lazy\" class=\"aligncenter size-large wp-image-160\" src=\"http:\/\/wolff-neurode.de\/wp-content\/uploads\/2020\/09\/villa-1-403x640.jpg\" alt=\"villa-1\" width=\"403\" height=\"640\" srcset=\"http:\/\/wolff-neurode.de\/wp-content\/uploads\/2020\/09\/villa-1-403x640.jpg 403w, http:\/\/wolff-neurode.de\/wp-content\/uploads\/2020\/09\/villa-1-189x300.jpg 189w, http:\/\/wolff-neurode.de\/wp-content\/uploads\/2020\/09\/villa-1-768x1221.jpg 768w, http:\/\/wolff-neurode.de\/wp-content\/uploads\/2020\/09\/villa-1.jpg 1000w\" sizes=\"(max-width: 403px) 85vw, 403px\" \/><\/a><a href=\"http:\/\/wolff-neurode.de\/wp-content\/uploads\/2020\/09\/villa-2.jpg\"><img decoding=\"async\" loading=\"lazy\" class=\"aligncenter size-large wp-image-161\" src=\"http:\/\/wolff-neurode.de\/wp-content\/uploads\/2020\/09\/villa-2-451x640.jpg\" alt=\"villa-2\" width=\"451\" height=\"640\" srcset=\"http:\/\/wolff-neurode.de\/wp-content\/uploads\/2020\/09\/villa-2-451x640.jpg 451w, http:\/\/wolff-neurode.de\/wp-content\/uploads\/2020\/09\/villa-2-211x300.jpg 211w, http:\/\/wolff-neurode.de\/wp-content\/uploads\/2020\/09\/villa-2-768x1091.jpg 768w, http:\/\/wolff-neurode.de\/wp-content\/uploads\/2020\/09\/villa-2.jpg 1000w\" sizes=\"(max-width: 451px) 85vw, 451px\" \/><\/a>Die Villa steht noch. Hier ein Bild von 1980:<\/p>\n<p><a href=\"http:\/\/wolff-neurode.de\/wp-content\/uploads\/2020\/10\/vorwerk-neurode-01.jpg\"><img decoding=\"async\" loading=\"lazy\" class=\"aligncenter size-large wp-image-56\" src=\"http:\/\/wolff-neurode.de\/wp-content\/uploads\/2020\/10\/vorwerk-neurode-01-640x432.jpg\" alt=\"vorwerk-neurode-01\" width=\"640\" height=\"432\" srcset=\"http:\/\/wolff-neurode.de\/wp-content\/uploads\/2020\/10\/vorwerk-neurode-01-640x432.jpg 640w, http:\/\/wolff-neurode.de\/wp-content\/uploads\/2020\/10\/vorwerk-neurode-01-300x202.jpg 300w, http:\/\/wolff-neurode.de\/wp-content\/uploads\/2020\/10\/vorwerk-neurode-01-768x518.jpg 768w, http:\/\/wolff-neurode.de\/wp-content\/uploads\/2020\/10\/vorwerk-neurode-01-1200x809.jpg 1200w, http:\/\/wolff-neurode.de\/wp-content\/uploads\/2020\/10\/vorwerk-neurode-01.jpg 1459w\" sizes=\"(max-width: 640px) 85vw, 640px\" \/><\/a>Inzwischen wurde offensichtlich die Fassade renoviert. Zudem wurden die zwei Erker im Dach entfernt.<\/p>\n<p>In der Villa war quasi der Altenwohnsitz, in dem die Familienmitglieder wohnten, die sich aus dem aktiven Bauernhandwerk zur\u00fcckgezogen haben. Der Hof wurde am 21. Main 1938 zum letzten Mal von Wenzel Wolff sen. an seinen Sohn Wenzel Wolff jun. \u00fcbergeben. Im \u00dcbergabevertrag wurde die Altersversorgung des Vaters geregelt.<\/p>\n<p><a href=\"http:\/\/wolff-neurode.de\/wp-content\/uploads\/2020\/10\/vorwerk-neurode-12.jpg\"><img decoding=\"async\" loading=\"lazy\" class=\"aligncenter size-large wp-image-82\" src=\"http:\/\/wolff-neurode.de\/wp-content\/uploads\/2020\/10\/vorwerk-neurode-12-480x640.jpg\" alt=\"vorwerk-neurode-12\" width=\"480\" height=\"640\" srcset=\"http:\/\/wolff-neurode.de\/wp-content\/uploads\/2020\/10\/vorwerk-neurode-12-480x640.jpg 480w, http:\/\/wolff-neurode.de\/wp-content\/uploads\/2020\/10\/vorwerk-neurode-12-225x300.jpg 225w, http:\/\/wolff-neurode.de\/wp-content\/uploads\/2020\/10\/vorwerk-neurode-12-768x1024.jpg 768w, http:\/\/wolff-neurode.de\/wp-content\/uploads\/2020\/10\/vorwerk-neurode-12.jpg 900w\" sizes=\"(max-width: 480px) 85vw, 480px\" \/><\/a>Das Innere des Hauses &#8211; wir durften den Hausflur betreten, aber nicht die Wohnungen &#8211; war noch nicht renoviert, aber die kunstvoll geschmiedete Treppe hat uns beeindruckt.<\/p>\n<p><a href=\"http:\/\/wolff-neurode.de\/wp-content\/uploads\/2020\/10\/vorwerk-neurode-17.jpg\"><img decoding=\"async\" loading=\"lazy\" class=\"aligncenter size-large wp-image-87\" src=\"http:\/\/wolff-neurode.de\/wp-content\/uploads\/2020\/10\/vorwerk-neurode-17-480x640.jpg\" alt=\"vorwerk-neurode-17\" width=\"480\" height=\"640\" srcset=\"http:\/\/wolff-neurode.de\/wp-content\/uploads\/2020\/10\/vorwerk-neurode-17-480x640.jpg 480w, http:\/\/wolff-neurode.de\/wp-content\/uploads\/2020\/10\/vorwerk-neurode-17-225x300.jpg 225w, http:\/\/wolff-neurode.de\/wp-content\/uploads\/2020\/10\/vorwerk-neurode-17-768x1024.jpg 768w, http:\/\/wolff-neurode.de\/wp-content\/uploads\/2020\/10\/vorwerk-neurode-17.jpg 900w\" sizes=\"(max-width: 480px) 85vw, 480px\" \/><\/a><\/p>\n<p><a href=\"http:\/\/wolff-neurode.de\/wp-content\/uploads\/2020\/10\/vorwerk-neurode-16.jpg\"><img decoding=\"async\" loading=\"lazy\" class=\"aligncenter size-large wp-image-86\" src=\"http:\/\/wolff-neurode.de\/wp-content\/uploads\/2020\/10\/vorwerk-neurode-16-640x480.jpg\" alt=\"vorwerk-neurode-16\" width=\"640\" height=\"480\" srcset=\"http:\/\/wolff-neurode.de\/wp-content\/uploads\/2020\/10\/vorwerk-neurode-16-640x480.jpg 640w, http:\/\/wolff-neurode.de\/wp-content\/uploads\/2020\/10\/vorwerk-neurode-16-300x225.jpg 300w, http:\/\/wolff-neurode.de\/wp-content\/uploads\/2020\/10\/vorwerk-neurode-16-768x576.jpg 768w, http:\/\/wolff-neurode.de\/wp-content\/uploads\/2020\/10\/vorwerk-neurode-16.jpg 1200w\" sizes=\"(max-width: 640px) 85vw, 640px\" \/><\/a><\/p>\n<p><a href=\"http:\/\/wolff-neurode.de\/wp-content\/uploads\/2020\/10\/vorwerk-neurode-15.jpg\"><img decoding=\"async\" loading=\"lazy\" class=\"aligncenter size-large wp-image-85\" src=\"http:\/\/wolff-neurode.de\/wp-content\/uploads\/2020\/10\/vorwerk-neurode-15-480x640.jpg\" alt=\"vorwerk-neurode-15\" width=\"480\" height=\"640\" srcset=\"http:\/\/wolff-neurode.de\/wp-content\/uploads\/2020\/10\/vorwerk-neurode-15-480x640.jpg 480w, http:\/\/wolff-neurode.de\/wp-content\/uploads\/2020\/10\/vorwerk-neurode-15-225x300.jpg 225w, http:\/\/wolff-neurode.de\/wp-content\/uploads\/2020\/10\/vorwerk-neurode-15-768x1024.jpg 768w, http:\/\/wolff-neurode.de\/wp-content\/uploads\/2020\/10\/vorwerk-neurode-15.jpg 900w\" sizes=\"(max-width: 480px) 85vw, 480px\" \/><\/a><\/p>\n<p>Daneben waren vermutlich Stallungen. Wieder zun\u00e4chst ein Bild von 1980.<\/p>\n<p><a href=\"http:\/\/wolff-neurode.de\/wp-content\/uploads\/2020\/10\/vorwerk-neurode-22.jpg\"><img decoding=\"async\" loading=\"lazy\" class=\"aligncenter size-large wp-image-92\" src=\"http:\/\/wolff-neurode.de\/wp-content\/uploads\/2020\/10\/vorwerk-neurode-22-640x434.jpg\" alt=\"Vorwerk Neurode\" width=\"640\" height=\"434\" srcset=\"http:\/\/wolff-neurode.de\/wp-content\/uploads\/2020\/10\/vorwerk-neurode-22-640x434.jpg 640w, http:\/\/wolff-neurode.de\/wp-content\/uploads\/2020\/10\/vorwerk-neurode-22-300x203.jpg 300w, http:\/\/wolff-neurode.de\/wp-content\/uploads\/2020\/10\/vorwerk-neurode-22-768x520.jpg 768w, http:\/\/wolff-neurode.de\/wp-content\/uploads\/2020\/10\/vorwerk-neurode-22.jpg 1200w\" sizes=\"(max-width: 640px) 85vw, 640px\" \/><\/a>2006 beherbergte das Geb\u00e4ude eine Werkstatt.<\/p>\n<p><a href=\"http:\/\/wolff-neurode.de\/wp-content\/uploads\/2020\/10\/vorwerk-neurode-10.jpg\"><img decoding=\"async\" loading=\"lazy\" class=\"aligncenter size-large wp-image-80\" src=\"http:\/\/wolff-neurode.de\/wp-content\/uploads\/2020\/10\/vorwerk-neurode-10-640x480.jpg\" alt=\"vorwerk-neurode-10\" width=\"640\" height=\"480\" srcset=\"http:\/\/wolff-neurode.de\/wp-content\/uploads\/2020\/10\/vorwerk-neurode-10-640x480.jpg 640w, http:\/\/wolff-neurode.de\/wp-content\/uploads\/2020\/10\/vorwerk-neurode-10-300x225.jpg 300w, http:\/\/wolff-neurode.de\/wp-content\/uploads\/2020\/10\/vorwerk-neurode-10-768x576.jpg 768w, http:\/\/wolff-neurode.de\/wp-content\/uploads\/2020\/10\/vorwerk-neurode-10.jpg 1200w\" sizes=\"(max-width: 640px) 85vw, 640px\" \/><\/a>Das daran anschlie\u00dfende Geb\u00e4ude war damals bereits abgerissen.<\/p>\n<p><a href=\"http:\/\/wolff-neurode.de\/wp-content\/uploads\/2020\/10\/vorwerk-neurode-13.jpg\"><img decoding=\"async\" loading=\"lazy\" class=\"aligncenter size-large wp-image-83\" src=\"http:\/\/wolff-neurode.de\/wp-content\/uploads\/2020\/10\/vorwerk-neurode-13-640x480.jpg\" alt=\"vorwerk-neurode-13\" width=\"640\" height=\"480\" srcset=\"http:\/\/wolff-neurode.de\/wp-content\/uploads\/2020\/10\/vorwerk-neurode-13-640x480.jpg 640w, http:\/\/wolff-neurode.de\/wp-content\/uploads\/2020\/10\/vorwerk-neurode-13-300x225.jpg 300w, http:\/\/wolff-neurode.de\/wp-content\/uploads\/2020\/10\/vorwerk-neurode-13-768x576.jpg 768w, http:\/\/wolff-neurode.de\/wp-content\/uploads\/2020\/10\/vorwerk-neurode-13.jpg 1200w\" sizes=\"(max-width: 640px) 85vw, 640px\" \/><\/a>Hier stand das eigentliche Wohnhaus der Familie Wolff. 1980 war es bereits in einem sehr schlechten Zustand.<\/p>\n<p><a href=\"http:\/\/wolff-neurode.de\/wp-content\/uploads\/2020\/10\/vorwerk-neurode-02.jpg\"><img decoding=\"async\" loading=\"lazy\" class=\"aligncenter size-large wp-image-57\" src=\"http:\/\/wolff-neurode.de\/wp-content\/uploads\/2020\/10\/vorwerk-neurode-02-640x424.jpg\" alt=\"vorwerk-neurode-02\" width=\"640\" height=\"424\" srcset=\"http:\/\/wolff-neurode.de\/wp-content\/uploads\/2020\/10\/vorwerk-neurode-02-640x424.jpg 640w, http:\/\/wolff-neurode.de\/wp-content\/uploads\/2020\/10\/vorwerk-neurode-02-300x199.jpg 300w, http:\/\/wolff-neurode.de\/wp-content\/uploads\/2020\/10\/vorwerk-neurode-02-768x509.jpg 768w, http:\/\/wolff-neurode.de\/wp-content\/uploads\/2020\/10\/vorwerk-neurode-02-1200x795.jpg 1200w, http:\/\/wolff-neurode.de\/wp-content\/uploads\/2020\/10\/vorwerk-neurode-02.jpg 1479w\" sizes=\"(max-width: 640px) 85vw, 640px\" \/><\/a><\/p>\n<p><a href=\"http:\/\/wolff-neurode.de\/wp-content\/uploads\/2020\/10\/vorwerk-neurode-24.jpg\"><img decoding=\"async\" loading=\"lazy\" class=\"aligncenter size-large wp-image-94\" src=\"http:\/\/wolff-neurode.de\/wp-content\/uploads\/2020\/10\/vorwerk-neurode-24-438x640.jpg\" alt=\" Vorwerk Neurode\" width=\"438\" height=\"640\" srcset=\"http:\/\/wolff-neurode.de\/wp-content\/uploads\/2020\/10\/vorwerk-neurode-24-438x640.jpg 438w, http:\/\/wolff-neurode.de\/wp-content\/uploads\/2020\/10\/vorwerk-neurode-24-206x300.jpg 206w, http:\/\/wolff-neurode.de\/wp-content\/uploads\/2020\/10\/vorwerk-neurode-24-768x1121.jpg 768w, http:\/\/wolff-neurode.de\/wp-content\/uploads\/2020\/10\/vorwerk-neurode-24.jpg 822w\" sizes=\"(max-width: 438px) 85vw, 438px\" \/><\/a><\/p>\n<p><a href=\"http:\/\/wolff-neurode.de\/wp-content\/uploads\/2020\/10\/vorwerk-neurode-27.jpg\"><img decoding=\"async\" loading=\"lazy\" class=\"aligncenter size-large wp-image-97\" src=\"http:\/\/wolff-neurode.de\/wp-content\/uploads\/2020\/10\/vorwerk-neurode-27-640x441.jpg\" alt=\" Vorwerk Neurode \" width=\"640\" height=\"441\" srcset=\"http:\/\/wolff-neurode.de\/wp-content\/uploads\/2020\/10\/vorwerk-neurode-27-640x441.jpg 640w, http:\/\/wolff-neurode.de\/wp-content\/uploads\/2020\/10\/vorwerk-neurode-27-300x207.jpg 300w, http:\/\/wolff-neurode.de\/wp-content\/uploads\/2020\/10\/vorwerk-neurode-27-768x529.jpg 768w, http:\/\/wolff-neurode.de\/wp-content\/uploads\/2020\/10\/vorwerk-neurode-27.jpg 1200w\" sizes=\"(max-width: 640px) 85vw, 640px\" \/><\/a><\/p>\n<p>Im Inneren war alles verm\u00fcllt und desolat im Erdgeschoss. Trotzdem wohnten 1980 noch Menschen im ersten Stock, die damals wenig erfreut waren, dass f\u00fcr sie Fremde Fotos von dem Anwesen gemacht haben.<\/p>\n<p>Dahinter befindet sich das Schweizerhaus, also das Gesindehaus, in dem die Bediensteten wohnten. Daneben sind Stallungen zu sehen.<\/p>\n<p><a href=\"http:\/\/wolff-neurode.de\/wp-content\/uploads\/2020\/10\/vorwerk-neurode-03.jpg\"><img decoding=\"async\" loading=\"lazy\" class=\"aligncenter size-large wp-image-58\" src=\"http:\/\/wolff-neurode.de\/wp-content\/uploads\/2020\/10\/vorwerk-neurode-03-640x418.jpg\" alt=\"vorwerk-neurode-03\" width=\"640\" height=\"418\" srcset=\"http:\/\/wolff-neurode.de\/wp-content\/uploads\/2020\/10\/vorwerk-neurode-03-640x418.jpg 640w, http:\/\/wolff-neurode.de\/wp-content\/uploads\/2020\/10\/vorwerk-neurode-03-300x196.jpg 300w, http:\/\/wolff-neurode.de\/wp-content\/uploads\/2020\/10\/vorwerk-neurode-03-768x502.jpg 768w, http:\/\/wolff-neurode.de\/wp-content\/uploads\/2020\/10\/vorwerk-neurode-03-1200x784.jpg 1200w, http:\/\/wolff-neurode.de\/wp-content\/uploads\/2020\/10\/vorwerk-neurode-03.jpg 1446w\" sizes=\"(max-width: 640px) 85vw, 640px\" \/><\/a><\/p>\n<p><a href=\"http:\/\/wolff-neurode.de\/wp-content\/uploads\/2020\/10\/vorwerk-neurode-19.jpg\"><img decoding=\"async\" loading=\"lazy\" class=\"aligncenter size-large wp-image-89\" src=\"http:\/\/wolff-neurode.de\/wp-content\/uploads\/2020\/10\/vorwerk-neurode-19-640x437.jpg\" alt=\" Vorwerk Neurode\" width=\"640\" height=\"437\" srcset=\"http:\/\/wolff-neurode.de\/wp-content\/uploads\/2020\/10\/vorwerk-neurode-19-640x437.jpg 640w, http:\/\/wolff-neurode.de\/wp-content\/uploads\/2020\/10\/vorwerk-neurode-19-300x205.jpg 300w, http:\/\/wolff-neurode.de\/wp-content\/uploads\/2020\/10\/vorwerk-neurode-19-768x524.jpg 768w, http:\/\/wolff-neurode.de\/wp-content\/uploads\/2020\/10\/vorwerk-neurode-19.jpg 1200w\" sizes=\"(max-width: 640px) 85vw, 640px\" \/><\/a><\/p>\n<p>Auch diese Geb\u00e4ude stehen noch und sind waren 2006 etwas renoviert, eines der Fenster zugemauert.<\/p>\n<p><a href=\"http:\/\/wolff-neurode.de\/wp-content\/uploads\/2020\/10\/vorwerk-neurode-18.jpg\"><img decoding=\"async\" loading=\"lazy\" class=\"aligncenter size-large wp-image-88\" src=\"http:\/\/wolff-neurode.de\/wp-content\/uploads\/2020\/10\/vorwerk-neurode-18-640x480.jpg\" alt=\"vorwerk-neurode-18\" width=\"640\" height=\"480\" srcset=\"http:\/\/wolff-neurode.de\/wp-content\/uploads\/2020\/10\/vorwerk-neurode-18-640x480.jpg 640w, http:\/\/wolff-neurode.de\/wp-content\/uploads\/2020\/10\/vorwerk-neurode-18-300x225.jpg 300w, http:\/\/wolff-neurode.de\/wp-content\/uploads\/2020\/10\/vorwerk-neurode-18-768x576.jpg 768w, http:\/\/wolff-neurode.de\/wp-content\/uploads\/2020\/10\/vorwerk-neurode-18.jpg 1200w\" sizes=\"(max-width: 640px) 85vw, 640px\" \/><\/a><\/p>\n<p>Das Schweizerhaus von der Seite. Der Begriff &#8222;Schweizer&#8220; steht nicht f\u00fcr das Land Schweiz, sondern ist ein altert\u00fcmlicher Ausdruck f\u00fcr den Beruf des Melkers.<\/p>\n<p><a href=\"http:\/\/wolff-neurode.de\/wp-content\/uploads\/2020\/10\/vorwerk-neurode-11.jpg\"><img decoding=\"async\" loading=\"lazy\" class=\"aligncenter size-large wp-image-81\" src=\"http:\/\/wolff-neurode.de\/wp-content\/uploads\/2020\/10\/vorwerk-neurode-11-640x480.jpg\" alt=\"vorwerk-neurode-11\" width=\"640\" height=\"480\" srcset=\"http:\/\/wolff-neurode.de\/wp-content\/uploads\/2020\/10\/vorwerk-neurode-11-640x480.jpg 640w, http:\/\/wolff-neurode.de\/wp-content\/uploads\/2020\/10\/vorwerk-neurode-11-300x225.jpg 300w, http:\/\/wolff-neurode.de\/wp-content\/uploads\/2020\/10\/vorwerk-neurode-11-768x576.jpg 768w, http:\/\/wolff-neurode.de\/wp-content\/uploads\/2020\/10\/vorwerk-neurode-11.jpg 1200w\" sizes=\"(max-width: 640px) 85vw, 640px\" \/><\/a><\/p>\n<p>Die Adresse war Kohlenstra\u00dfe 18 und zum Hof f\u00fchrt eine steile Gasse nach oben.<\/p>\n<p><a href=\"http:\/\/wolff-neurode.de\/wp-content\/uploads\/2020\/10\/vorwerk-neurode-09.jpg\"><img decoding=\"async\" loading=\"lazy\" class=\"aligncenter size-large wp-image-64\" src=\"http:\/\/wolff-neurode.de\/wp-content\/uploads\/2020\/10\/vorwerk-neurode-09-640x480.jpg\" alt=\"vorwerk-neurode-09\" width=\"640\" height=\"480\" srcset=\"http:\/\/wolff-neurode.de\/wp-content\/uploads\/2020\/10\/vorwerk-neurode-09.jpg 640w, http:\/\/wolff-neurode.de\/wp-content\/uploads\/2020\/10\/vorwerk-neurode-09-300x225.jpg 300w\" sizes=\"(max-width: 640px) 85vw, 640px\" \/><\/a>Berichten zufolge mussten Pferdefuhrwerke da mit richtig Schwung hochfahren.<\/p>\n<p>Das Vorwerk war auch Hengststation oder Pferdedeckstation von Neurode. Bedeutet, dass die Bauern aus der Umgebung hier ihre Stuten zum Decken vorbeibrachten.<\/p>\n<p><a href=\"http:\/\/wolff-neurode.de\/wp-content\/uploads\/2020\/10\/Deckgeldbescheinigung.jpg\"><img decoding=\"async\" loading=\"lazy\" class=\"aligncenter size-large wp-image-147\" src=\"http:\/\/wolff-neurode.de\/wp-content\/uploads\/2020\/10\/Deckgeldbescheinigung-640x453.jpg\" alt=\"Deckgeldbescheinigung\" width=\"640\" height=\"453\" srcset=\"http:\/\/wolff-neurode.de\/wp-content\/uploads\/2020\/10\/Deckgeldbescheinigung-640x453.jpg 640w, http:\/\/wolff-neurode.de\/wp-content\/uploads\/2020\/10\/Deckgeldbescheinigung-300x212.jpg 300w, http:\/\/wolff-neurode.de\/wp-content\/uploads\/2020\/10\/Deckgeldbescheinigung-768x543.jpg 768w, http:\/\/wolff-neurode.de\/wp-content\/uploads\/2020\/10\/Deckgeldbescheinigung.jpg 1200w\" sizes=\"(max-width: 640px) 85vw, 640px\" \/><\/a><strong>Lage<\/strong><\/p>\n<p>Die heutige Adresse ist Cmentarna 18\/20, Nowa Ruda, Polen. Im Satellitenbild kann man das charakteristische Dach der Villa gut erkennen.<\/p>\n<p>&nbsp;<\/p>\n<p><center><iframe loading=\"lazy\" style=\"border: 0;\" tabindex=\"0\" src=\"https:\/\/www.google.com\/maps\/embed?pb=!1m18!1m12!1m3!1d2289.2868673880444!2d16.497478316739347!3d50.582713385704984!2m3!1f0!2f0!3f0!3m2!1i1024!2i768!4f13.1!3m3!1m2!1s0x470e40cfd626ec1d%3A0x351d9a4140cc7a9!2sCmentarna%2018%2C%2057-400%20Nowa%20Ruda%2C%20Polen!5e1!3m2!1sde!2sde!4v1601549878237!5m2!1sde!2sde\" allowfullscreen=\"allowfullscreen\" width=\"600\" height=\"450\" frameborder=\"0\"><\/iframe><\/center>In einer historischen Karte von Neurode von 1889 (Vorsicht! Norden ist auf dieser Karte nicht oben), habe ich das Vorwerk einmal eingezeichnet.<\/p>\n<p>&nbsp;<\/p>\n<p><a href=\"http:\/\/wolff-neurode.de\/wp-content\/uploads\/2020\/10\/plan.jpg\"><img decoding=\"async\" loading=\"lazy\" class=\"aligncenter size-large wp-image-69\" src=\"http:\/\/wolff-neurode.de\/wp-content\/uploads\/2020\/10\/plan-640x429.jpg\" alt=\"plan\" width=\"640\" height=\"429\" srcset=\"http:\/\/wolff-neurode.de\/wp-content\/uploads\/2020\/10\/plan-640x429.jpg 640w, http:\/\/wolff-neurode.de\/wp-content\/uploads\/2020\/10\/plan-300x201.jpg 300w, http:\/\/wolff-neurode.de\/wp-content\/uploads\/2020\/10\/plan-768x515.jpg 768w, http:\/\/wolff-neurode.de\/wp-content\/uploads\/2020\/10\/plan.jpg 1200w\" sizes=\"(max-width: 640px) 85vw, 640px\" \/><\/a>Die Villa stand 1889 noch nicht, auf dem Plan ist sie nicht eingezeichnet. Ein Luftbild von 1932 zeigt das Vorwerk mit Villa<\/p>\n<p><a href=\"http:\/\/wolff-neurode.de\/wp-content\/uploads\/2020\/10\/vorwerk-luftbild-1932.jpg\"><img decoding=\"async\" loading=\"lazy\" class=\"aligncenter size-large wp-image-224\" src=\"http:\/\/wolff-neurode.de\/wp-content\/uploads\/2020\/10\/vorwerk-luftbild-1932-640x418.jpg\" alt=\"vorwerk-luftbild-1932\" width=\"640\" height=\"418\" srcset=\"http:\/\/wolff-neurode.de\/wp-content\/uploads\/2020\/10\/vorwerk-luftbild-1932-640x418.jpg 640w, http:\/\/wolff-neurode.de\/wp-content\/uploads\/2020\/10\/vorwerk-luftbild-1932-300x196.jpg 300w, http:\/\/wolff-neurode.de\/wp-content\/uploads\/2020\/10\/vorwerk-luftbild-1932-768x502.jpg 768w, http:\/\/wolff-neurode.de\/wp-content\/uploads\/2020\/10\/vorwerk-luftbild-1932.jpg 1000w\" sizes=\"(max-width: 640px) 85vw, 640px\" \/><\/a><\/p>\n<p>Hier noch ein paar historische Bilder, die vermutlich auf dem Vorwerk entstanden sind. An welcher Stelle dieses Bild entstanden ist, kann ich nicht sagen, denn auf den Vergleichs Fotos fehlt ein Geb\u00e4ude mit einem Kreuz als Bel\u00fcftung des Dachbodens.<\/p>\n<p><a href=\"http:\/\/wolff-neurode.de\/wp-content\/uploads\/2020\/09\/vorwerk2.jpg\"><img decoding=\"async\" loading=\"lazy\" class=\"aligncenter size-large wp-image-162\" src=\"http:\/\/wolff-neurode.de\/wp-content\/uploads\/2020\/09\/vorwerk2-640x419.jpg\" alt=\"vorwerk2\" width=\"640\" height=\"419\" srcset=\"http:\/\/wolff-neurode.de\/wp-content\/uploads\/2020\/09\/vorwerk2-640x419.jpg 640w, http:\/\/wolff-neurode.de\/wp-content\/uploads\/2020\/09\/vorwerk2-300x196.jpg 300w, http:\/\/wolff-neurode.de\/wp-content\/uploads\/2020\/09\/vorwerk2-768x502.jpg 768w, http:\/\/wolff-neurode.de\/wp-content\/uploads\/2020\/09\/vorwerk2.jpg 1000w\" sizes=\"(max-width: 640px) 85vw, 640px\" \/><\/a>Walter Wolff, Bruder des letzten Vorwerkers Wenzel Wolff zusammen mit zwei Pferden an der Pferdetr\u00e4nke.<\/p>\n<p><a href=\"http:\/\/wolff-neurode.de\/wp-content\/uploads\/2020\/09\/walter-wolff.jpg\"><img decoding=\"async\" loading=\"lazy\" class=\"aligncenter size-large wp-image-163\" src=\"http:\/\/wolff-neurode.de\/wp-content\/uploads\/2020\/09\/walter-wolff-640x404.jpg\" alt=\"walter-wolff\" width=\"640\" height=\"404\" srcset=\"http:\/\/wolff-neurode.de\/wp-content\/uploads\/2020\/09\/walter-wolff-640x404.jpg 640w, http:\/\/wolff-neurode.de\/wp-content\/uploads\/2020\/09\/walter-wolff-300x190.jpg 300w, http:\/\/wolff-neurode.de\/wp-content\/uploads\/2020\/09\/walter-wolff-768x485.jpg 768w, http:\/\/wolff-neurode.de\/wp-content\/uploads\/2020\/09\/walter-wolff.jpg 1000w\" sizes=\"(max-width: 640px) 85vw, 640px\" \/><\/a>Wenzel Wolff Senior in Uniform auf dem Hof.<\/p>\n<p><a href=\"http:\/\/wolff-neurode.de\/wp-content\/uploads\/2020\/09\/wenzel-wollf-sen-uniform.jpg\"><img decoding=\"async\" loading=\"lazy\" class=\"aligncenter size-large wp-image-167\" src=\"http:\/\/wolff-neurode.de\/wp-content\/uploads\/2020\/09\/wenzel-wollf-sen-uniform-560x640.jpg\" alt=\"wenzel-wollf-sen-uniform\" width=\"560\" height=\"640\" srcset=\"http:\/\/wolff-neurode.de\/wp-content\/uploads\/2020\/09\/wenzel-wollf-sen-uniform-560x640.jpg 560w, http:\/\/wolff-neurode.de\/wp-content\/uploads\/2020\/09\/wenzel-wollf-sen-uniform-262x300.jpg 262w, http:\/\/wolff-neurode.de\/wp-content\/uploads\/2020\/09\/wenzel-wollf-sen-uniform-768x878.jpg 768w, http:\/\/wolff-neurode.de\/wp-content\/uploads\/2020\/09\/wenzel-wollf-sen-uniform.jpg 1000w\" sizes=\"(max-width: 560px) 85vw, 560px\" \/><\/a><strong>Recherche<\/strong><\/p>\n<p>Ich suche nach wie vor historische Bilder vom Vorwerk. Sei es Bilder vom Hof, oder auch Luftbilder von Neurode, wo man ihn sehen kann.<\/p>\n<p><strong>Weitere Bilder<\/strong><\/p>\nngg_shortcode_0_placeholder\n","protected":false},"excerpt":{"rendered":"<p>Das Vorwerk in Neurode (heute Nowa Ruda) war das Bauerngut der Familie Wenzel Wolff und wurde immer dem Erstgeborenen weitervererbt. Derzeit bin ich auf der Recherche zu dem Anwesen, damit die Informationen nicht verloren gehen. Ein Gem\u00e4lde von Richard Leffler zeigt das komplette Vorwerk. Zum Vorwerk geh\u00f6rte eine Fl\u00e4che von 72ha 53a 80qm und war &hellip; <a href=\"http:\/\/wolff-neurode.de\/index.php\/das-vorwerk-in-neurode\/\" class=\"more-link\"><span class=\"screen-reader-text\">\u201eDas Vorwerk in Neurode\u201c <\/span>weiterlesen<\/a><\/p>\n","protected":false},"author":1,"featured_media":0,"parent":0,"menu_order":0,"comment_status":"closed","ping_status":"closed","template":"","meta":{"ngg_post_thumbnail":0,"footnotes":""},"_links":{"self":[{"href":"http:\/\/wolff-neurode.de\/index.php\/wp-json\/wp\/v2\/pages\/55"}],"collection":[{"href":"http:\/\/wolff-neurode.de\/index.php\/wp-json\/wp\/v2\/pages"}],"about":[{"href":"http:\/\/wolff-neurode.de\/index.php\/wp-json\/wp\/v2\/types\/page"}],"author":[{"embeddable":true,"href":"http:\/\/wolff-neurode.de\/index.php\/wp-json\/wp\/v2\/users\/1"}],"replies":[{"embeddable":true,"href":"http:\/\/wolff-neurode.de\/index.php\/wp-json\/wp\/v2\/comments?post=55"}],"version-history":[{"count":24,"href":"http:\/\/wolff-neurode.de\/index.php\/wp-json\/wp\/v2\/pages\/55\/revisions"}],"predecessor-version":[{"id":230,"href":"http:\/\/wolff-neurode.de\/index.php\/wp-json\/wp\/v2\/pages\/55\/revisions\/230"}],"wp:attachment":[{"href":"http:\/\/wolff-neurode.de\/index.php\/wp-json\/wp\/v2\/media?parent=55"}],"curies":[{"name":"wp","href":"https:\/\/api.w.org\/{rel}","templated":true}]}}