{"id":5,"date":"2020-09-29T13:29:34","date_gmt":"2020-09-29T11:29:34","guid":{"rendered":"http:\/\/wolff-neurode.de\/?page_id=5"},"modified":"2021-05-26T10:11:32","modified_gmt":"2021-05-26T08:11:32","slug":"familie-wenzel-wolff","status":"publish","type":"page","link":"https:\/\/wolff-neurode.de\/","title":{"rendered":"Familie Wenzel Wolff"},"content":{"rendered":"<p>Die Familie Wenzel Wolff, aus Neurode (Niederschlesien) wurde nach dem Krieg in alle Himmelsrichtungen verstreut.<br \/>\nDas Vorwerk (das Familien Hofgut \/ Bauernhof) in Neurode (heute: Nowa Ruda\/Polen), ist nur noch zum Teil erhalten. Unter anderem steht noch die Villa, entworfen vom Architekten <a href=\"http:\/\/de.wikipedia.org\/wiki\/Heinrich_Wolff_%28Architekt%29\">Heinrich Wolff<\/a> (* 30.12.1880, \u202020.06.1944). Die damalige Adresse war Kohlenstr. 18.<\/p>\n<p><a href=\"http:\/\/wolff-neurode.de\/wp-content\/uploads\/2020\/09\/gemaelde.jpg\"><img decoding=\"async\" loading=\"lazy\" class=\"aligncenter size-large wp-image-157\" src=\"http:\/\/wolff-neurode.de\/wp-content\/uploads\/2020\/09\/gemaelde-537x640.jpg\" alt=\"gemaelde\" width=\"537\" height=\"640\" srcset=\"https:\/\/wolff-neurode.de\/wp-content\/uploads\/2020\/09\/gemaelde-537x640.jpg 537w, https:\/\/wolff-neurode.de\/wp-content\/uploads\/2020\/09\/gemaelde-252x300.jpg 252w, https:\/\/wolff-neurode.de\/wp-content\/uploads\/2020\/09\/gemaelde-768x915.jpg 768w, https:\/\/wolff-neurode.de\/wp-content\/uploads\/2020\/09\/gemaelde.jpg 1000w\" sizes=\"(max-width: 537px) 85vw, 537px\" \/><\/a><\/p>\n<p>Von der Familie Wolff existiert ein Stammbaum aus dem Jahr 1893, den wir Anfang dieses Jahrhunderts angefangen haben, weiterzuf\u00fchren. Leider sind uns bisher leider nur der direkte Ast der Nachkommen des jeweiligen Vorwerkers und ein paar Nebenlinien bekannt. Diese Verwandtschaft hat auch regelm\u00e4\u00dfigen Kontakt und trifft sich immer wieder zu gro\u00dfen Familienfeiern.<\/p>\n<p>Der letzte Vorwerker, Wenzel Wolff (18.04.1902, \u202016.12.1946) hatte zusammen mit seiner Frau Florentine, geb. Elsner, genannt Flora (*25.5.1912 in Obersteine, \u202010.8.1968 in Kitzingen) insgesamt 6 Kinder, die heute die Basis der Familie bilden.<\/p>\n<p>Diese Seite habe ich, Bernd Frank, Enkel von besagtem Wenzel Wolff, eingerichtet, damit verstreute Nachkommen der Familie Wolff, wieder in Kontakt mit der Familie treten k\u00f6nnen und Ihre Informationen zum Stammbaum zur Verf\u00fcgung stellen k\u00f6nnen. Ich bin dabei, ein Familienportal aufzubauen, um den Kontakt zu halten, Informationen auszutauschen. Dieses Portal ist nicht \u00f6ffentlich einsehbar, da hier Personendaten zu sehen sind, die die \u00d6ffentlichkeit nichts angehen.<\/p>\n<p>Sie sind auch ein Nachfahre der Familie Wenzel Wolff? Dann w\u00fcrde ich mich freuen, wenn Sie zu mir <a href=\"mailto:mail@bernd-frank.de\">Kontakt<\/a> aufnehmen w\u00fcrden! Wir pflegen auch Kontakte zu den Familien Elsner (Obersteine) und Herzig.<\/p>\n","protected":false},"excerpt":{"rendered":"<p>Die Familie Wenzel Wolff, aus Neurode (Niederschlesien) wurde nach dem Krieg in alle Himmelsrichtungen verstreut. Das Vorwerk (das Familien Hofgut \/ Bauernhof) in Neurode (heute: Nowa Ruda\/Polen), ist nur noch zum Teil erhalten. Unter anderem steht noch die Villa, entworfen vom Architekten Heinrich Wolff (* 30.12.1880, \u202020.06.1944). Die damalige Adresse war Kohlenstr. 18. Von der &hellip; <a href=\"https:\/\/wolff-neurode.de\/\" class=\"more-link\"><span class=\"screen-reader-text\">\u201eFamilie Wenzel Wolff\u201c <\/span>weiterlesen<\/a><\/p>\n","protected":false},"author":1,"featured_media":0,"parent":0,"menu_order":0,"comment_status":"closed","ping_status":"closed","template":"","meta":{"ngg_post_thumbnail":0,"footnotes":""},"_links":{"self":[{"href":"https:\/\/wolff-neurode.de\/index.php\/wp-json\/wp\/v2\/pages\/5"}],"collection":[{"href":"https:\/\/wolff-neurode.de\/index.php\/wp-json\/wp\/v2\/pages"}],"about":[{"href":"https:\/\/wolff-neurode.de\/index.php\/wp-json\/wp\/v2\/types\/page"}],"author":[{"embeddable":true,"href":"https:\/\/wolff-neurode.de\/index.php\/wp-json\/wp\/v2\/users\/1"}],"replies":[{"embeddable":true,"href":"https:\/\/wolff-neurode.de\/index.php\/wp-json\/wp\/v2\/comments?post=5"}],"version-history":[{"count":9,"href":"https:\/\/wolff-neurode.de\/index.php\/wp-json\/wp\/v2\/pages\/5\/revisions"}],"predecessor-version":[{"id":168,"href":"https:\/\/wolff-neurode.de\/index.php\/wp-json\/wp\/v2\/pages\/5\/revisions\/168"}],"wp:attachment":[{"href":"https:\/\/wolff-neurode.de\/index.php\/wp-json\/wp\/v2\/media?parent=5"}],"curies":[{"name":"wp","href":"https:\/\/api.w.org\/{rel}","templated":true}]}}

<p>Die Familie Wenzel Wolff, aus Neurode (Niederschlesien) wurde nach dem Krieg in alle Himmelsrichtungen verstreut.<br />
Das Vorwerk (das Familien Hofgut / Bauernhof) in Neurode (heute: Nowa Ruda/Polen), ist nur noch zum Teil erhalten. Unter anderem steht noch die Villa, entworfen vom Architekten <a href="http://de.wikipedia.org/wiki/Heinrich_Wolff_%28Architekt%29">Heinrich Wolff</a> (* 30.12.1880, †20.06.1944). Die damalige Adresse war Kohlenstr. 18.</p>
<p><a href="http://wolff-neurode.de/wp-content/uploads/2020/09/gemaelde.jpg"><img decoding="async" loading="lazy" class="aligncenter size-large wp-image-157" src="http://wolff-neurode.de/wp-content/uploads/2020/09/gemaelde-537x640.jpg" alt="gemaelde" width="537" height="640" srcset="https://wolff-neurode.de/wp-content/uploads/2020/09/gemaelde-537x640.jpg 537w, https://wolff-neurode.de/wp-content/uploads/2020/09/gemaelde-252x300.jpg 252w, https://wolff-neurode.de/wp-content/uploads/2020/09/gemaelde-768x915.jpg 768w, https://wolff-neurode.de/wp-content/uploads/2020/09/gemaelde.jpg 1000w" sizes="(max-width: 537px) 85vw, 537px" /></a></p>
<p>Von der Familie Wolff existiert ein Stammbaum aus dem Jahr 1893, den wir Anfang dieses Jahrhunderts angefangen haben, weiterzuführen. Leider sind uns bisher leider nur der direkte Ast der Nachkommen des jeweiligen Vorwerkers und ein paar Nebenlinien bekannt. Diese Verwandtschaft hat auch regelmäßigen Kontakt und trifft sich immer wieder zu großen Familienfeiern.</p>
<p>Der letzte Vorwerker, Wenzel Wolff (18.04.1902, †16.12.1946) hatte zusammen mit seiner Frau Florentine, geb. Elsner, genannt Flora (*25.5.1912 in Obersteine, †10.8.1968 in Kitzingen) insgesamt 6 Kinder, die heute die Basis der Familie bilden.</p>
<p>Diese Seite habe ich, Bernd Frank, Enkel von besagtem Wenzel Wolff, eingerichtet, damit verstreute Nachkommen der Familie Wolff, wieder in Kontakt mit der Familie treten können und Ihre Informationen zum Stammbaum zur Verfügung stellen können. Ich bin dabei, ein Familienportal aufzubauen, um den Kontakt zu halten, Informationen auszutauschen. Dieses Portal ist nicht öffentlich einsehbar, da hier Personendaten zu sehen sind, die die Öffentlichkeit nichts angehen.</p>
<p>Sie sind auch ein Nachfahre der Familie Wenzel Wolff? Dann würde ich mich freuen, wenn Sie zu mir <a href="mailto:mail@bernd-frank.de">Kontakt</a> aufnehmen würden! Wir pflegen auch Kontakte zu den Familien Elsner (Obersteine) und Herzig.</p>
